{"id":255,"date":"2025-07-07T13:38:49","date_gmt":"2025-07-07T11:38:49","guid":{"rendered":"https:\/\/mokko.pl\/?page_id=255"},"modified":"2025-08-08T10:03:09","modified_gmt":"2025-08-08T08:03:09","slug":"zaluzjefasadowe","status":"publish","type":"page","link":"https:\/\/mokko.pl\/?page_id=255","title":{"rendered":"\u017bALUZJEFASADOWE"},"content":{"rendered":"<div class=\"\" style=\"\" >\n    \n    <section class=\"u-clearfix u-section-2\" id=\"block-1\">\n      <div class=\"u-clearfix u-sheet u-valign-middle-xl u-valign-middle-xs u-sheet-1\">\n        <div class=\"u-carousel u-expanded-width u-gallery u-layout-carousel u-lightbox u-no-transition u-show-text-always u-gallery-1\" data-interval=\"5000\" data-u-ride=\"carousel\" id=\"carousel-b8e0\">\n          <ol class=\"u-absolute-hcenter u-carousel-indicators u-carousel-indicators-1\">\n            <li data-u-target=\"#carousel-b8e0\" data-u-slide-to=\"0\" class=\"u-active u-grey-70 u-shape-circle\" style=\"width: 10px; height: 10px;\"><\/li>\n            <li data-u-target=\"#carousel-b8e0\" data-u-slide-to=\"1\" class=\"u-grey-70 u-shape-circle\" style=\"width: 10px; height: 10px;\"><\/li>\n            <li data-u-target=\"#carousel-b8e0\" data-u-slide-to=\"2\" class=\"u-grey-70 u-shape-circle\" style=\"width: 10px; height: 10px;\"><\/li>\n            <li data-u-target=\"#carousel-b8e0\" data-u-slide-to=\"3\" class=\"u-grey-70 u-shape-circle\" style=\"width: 10px; height: 10px;\"><\/li>\n            <li data-u-target=\"#carousel-b8e0\" data-u-slide-to=\"4\" class=\"u-grey-70 u-shape-circle\" style=\"width: 10px; height: 10px;\"><\/li>\n          <\/ol>\n          <div class=\"u-carousel-inner u-gallery-inner u-gallery-inner-1\" role=\"listbox\">\n            <div class=\"u-active u-carousel-item u-gallery-item u-carousel-item-1\">\n              <div class=\"u-back-slide\">\n                <img decoding=\"async\" class=\"u-back-image u-expanded u-image-contain\" src=\"https:\/\/mokko.pl\/wp-content\/uploads\/2025\/08\/38007box_2.jpg-1.webp\" alt=\"Z90\">\n              <\/div>\n              <div class=\"u-over-slide u-over-slide-1\">\n                <h3 class=\"u-gallery-heading\">Z90<\/h3>\n                <p class=\"u-gallery-text\">BOX2 do zabudowy, lamela Z<\/p>\n              <\/div>\n              <style data-mode=\"XL\"><\/style>\n              <style data-mode=\"LG\"><\/style>\n              <style data-mode=\"MD\"><\/style>\n              <style data-mode=\"SM\"><\/style>\n              <style data-mode=\"XS\"><\/style>\n            <\/div>\n            <div class=\"u-carousel-item u-gallery-item u-carousel-item-2\">\n              <div class=\"u-back-slide\">\n                <img decoding=\"async\" class=\"u-back-image u-expanded u-image-contain\" src=\"https:\/\/mokko.pl\/wp-content\/uploads\/2025\/08\/90111box1.jpg.webp\" alt=\"Z90\">\n              <\/div>\n              <div class=\"u-over-slide u-over-slide-2\">\n                <h3 class=\"u-gallery-heading\">Z90<\/h3>\n                <p class=\"u-gallery-text\">BOX1 do zabudowy, lamela Z<\/p>\n              <\/div>\n              <style data-mode=\"XL\"><\/style>\n              <style data-mode=\"LG\"><\/style>\n              <style data-mode=\"MD\"><\/style>\n              <style data-mode=\"SM\"><\/style>\n              <style data-mode=\"XS\"><\/style>\n            <\/div>\n            <div class=\"u-carousel-item u-gallery-item u-carousel-item-3\">\n              <div class=\"u-back-slide\">\n                <img decoding=\"async\" class=\"u-back-image u-expanded u-image-contain\" src=\"https:\/\/mokko.pl\/wp-content\/uploads\/2025\/08\/81534box2.jpg.webp\" alt=\"C80\">\n              <\/div>\n              <div class=\"u-over-slide u-over-slide-3\">\n                <h3 class=\"u-gallery-heading\">C80<\/h3>\n                <p class=\"u-gallery-text\">BOX2 do zabudowy, lamela C<\/p>\n              <\/div>\n              <style data-mode=\"XL\"><\/style>\n              <style data-mode=\"LG\"><\/style>\n              <style data-mode=\"MD\"><\/style>\n              <style data-mode=\"SM\"><\/style>\n              <style data-mode=\"XS\"><\/style>\n            <\/div>\n            <div class=\"u-carousel-item u-gallery-item u-carousel-item-4\">\n              <div class=\"u-back-slide\">\n                <img decoding=\"async\" class=\"u-back-image u-expanded u-image-contain\" src=\"https:\/\/mokko.pl\/wp-content\/uploads\/2025\/08\/84092Zaluzja_fasadowa_Z90_L_FSM_orto.jpg.webp\" alt=\"Z90L\">\n              <\/div>\n              <div class=\"u-over-slide u-over-slide-4\">\n                <h3 class=\"u-gallery-heading\">Z90L<\/h3>\n                <p class=\"u-gallery-text\">Do monta\u017cu we wn\u0119kach lub na elewacji, prowadzenie linkowe<\/p>\n              <\/div>\n              <style data-mode=\"XL\"><\/style>\n              <style data-mode=\"LG\"><\/style>\n              <style data-mode=\"MD\"><\/style>\n              <style data-mode=\"SM\"><\/style>\n              <style data-mode=\"XS\"><\/style>\n            <\/div>\n            <div class=\"u-carousel-item u-gallery-item u-carousel-item-5\">\n              <div class=\"u-back-slide\">\n                <img decoding=\"async\" class=\"u-back-image u-expanded u-image-contain\" src=\"https:\/\/mokko.pl\/wp-content\/uploads\/2025\/08\/6498301_Z90.jpg.webp\" alt=\"Z90\">\n              <\/div>\n              <div class=\"u-over-slide u-over-slide-5\">\n                <h3 class=\"u-gallery-heading\">Z90<\/h3>\n                <p class=\"u-gallery-text\">Monta\u017c na elewacji<\/p>\n              <\/div>\n              <style data-mode=\"XL\"><\/style>\n              <style data-mode=\"LG\"><\/style>\n              <style data-mode=\"MD\"><\/style>\n              <style data-mode=\"SM\"><\/style>\n              <style data-mode=\"XS\"><\/style>\n            <\/div>\n          <\/div>\n          <a class=\"u-absolute-vcenter u-carousel-control u-carousel-control-prev u-grey-70 u-icon-circle u-opacity u-opacity-70 u-spacing-10 u-text-white u-carousel-control-1\" href=\"#carousel-b8e0\" role=\"button\" data-u-slide=\"prev\"><span aria-hidden=\"true\">\n              <svg viewBox=\"0 0 451.847 451.847\"><path d=\"M97.141,225.92c0-8.095,3.091-16.192,9.259-22.366L300.689,9.27c12.359-12.359,32.397-12.359,44.751,0\nc12.354,12.354,12.354,32.388,0,44.748L173.525,225.92l171.903,171.909c12.354,12.354,12.354,32.391,0,44.744\nc-12.354,12.365-32.386,12.365-44.745,0l-194.29-194.281C100.226,242.115,97.141,234.018,97.141,225.92z\"><\/path><\/svg><\/span><span class=\"sr-only\">\n              <svg viewBox=\"0 0 451.847 451.847\"><path d=\"M97.141,225.92c0-8.095,3.091-16.192,9.259-22.366L300.689,9.27c12.359-12.359,32.397-12.359,44.751,0\nc12.354,12.354,12.354,32.388,0,44.748L173.525,225.92l171.903,171.909c12.354,12.354,12.354,32.391,0,44.744\nc-12.354,12.365-32.386,12.365-44.745,0l-194.29-194.281C100.226,242.115,97.141,234.018,97.141,225.92z\"><\/path><\/svg><\/span>\n          <\/a>\n          <a class=\"u-absolute-vcenter u-carousel-control u-carousel-control-next u-grey-70 u-icon-circle u-opacity u-opacity-70 u-spacing-10 u-text-white u-carousel-control-2\" href=\"#carousel-b8e0\" role=\"button\" data-u-slide=\"next\"><span aria-hidden=\"true\">\n              <svg viewBox=\"0 0 451.846 451.847\"><path d=\"M345.441,248.292L151.154,442.573c-12.359,12.365-32.397,12.365-44.75,0c-12.354-12.354-12.354-32.391,0-44.744\nL278.318,225.92L106.409,54.017c-12.354-12.359-12.354-32.394,0-44.748c12.354-12.359,32.391-12.359,44.75,0l194.287,194.284\nc6.177,6.18,9.262,14.271,9.262,22.366C354.708,234.018,351.617,242.115,345.441,248.292z\"><\/path><\/svg><\/span><span class=\"sr-only\">\n              <svg viewBox=\"0 0 451.846 451.847\"><path d=\"M345.441,248.292L151.154,442.573c-12.359,12.365-32.397,12.365-44.75,0c-12.354-12.354-12.354-32.391,0-44.744\nL278.318,225.92L106.409,54.017c-12.354-12.359-12.354-32.394,0-44.748c12.354-12.359,32.391-12.359,44.75,0l194.287,194.284\nc6.177,6.18,9.262,14.271,9.262,22.366C354.708,234.018,351.617,242.115,345.441,248.292z\"><\/path><\/svg><\/span>\n          <\/a>\n        <\/div>\n        <p class=\"u-text u-text-1\"><span style=\"font-weight: 700;\">\u017baluzje fasadowe Selt \u2013 stylowe, funkcjonalne i trwa\u0142e os\u0142ony przeciws\u0142oneczne&nbsp;<\/span>\n          <br>\n          <br>Je\u015bli budujesz dom i szukasz rozwi\u0105zania, kt\u00f3re po\u0142\u0105czy ochron\u0119 przed s\u0142o\u0144cem z nowoczesnym designem \u2014 \u017caluzje fasadowe Selt to propozycja dla Ciebie. Sprawdzaj\u0105 si\u0119 zar\u00f3wno w domach jednorodzinnych, jak i wielorodzinnych budynkach, biurach czy obiektach u\u017cyteczno\u015bci publicznej.&nbsp;Dzi\u0119ki ekstrudowanym lamelom oraz mo\u017cliwo\u015bci lakierowania ca\u0142ego systemu na dowolny kolor z palety RAL, \u017caluzje Selt s\u0105 nie tylko funkcjonalnym elementem, ale stanowi\u0105 r\u00f3wnie\u017c eleganckie uzupe\u0142nienie fasady domu<br><span style=\"font-weight: 700;\">\n            <br>Systemy lamel: Z90, C80 i C50 \u2013 ka\u017cdy znajdzie co\u015b dla siebie<\/span>\n          <br>\n          <br>Z90 \u2013 lamele w kszta\u0142cie litery Z (ok. 93\u202fmm szeroko\u015bci), gwarantuj\u0105ce efektywne zaciemnienie dzi\u0119ki solidnej, ekstrudowanej konstrukcji, odpornej na wyginanie i d\u0142ugotrwa\u0142e u\u017cytkowanie&nbsp;<br> C80 \/ C50 \u2013 cienkie lamele w kszta\u0142cie litery C (80\u202fmm lub 50\u202fmm), dost\u0119pne w opcjach BOX, FLAT lub CUBE\/OVAL, kt\u00f3re mo\u017cna montowa\u0107 r\u00f3wnie\u017c w zabudowie podtynkowej. System C80 pozwala na monta\u017c du\u017cych przeszkle\u0144 (do 4\u202fm wysoko\u015bci i 3,5\u20134,5\u202fm szeroko\u015bci), idealny dla nowoczesnych projekt\u00f3w&nbsp;<br>\n          <br>\u017baluzje fasadowe Selt najcz\u0119\u015bciej sterowane s\u0105 elektrycznie \u2014 standardowo z opcj\u0105 integracji z systemami Smart Home. Mo\u017cliwe jest zastosowanie automatyki pogodowej (czujnik s\u0142o\u0144ca\/wiatru) oraz dobowej, co zwi\u0119ksza wygod\u0119 u\u017cytkowania i efektywno\u015b\u0107 ich pracy. Dost\u0119pna jest tak\u017ce opcja r\u0119cznego sterowania za pomoc\u0105 korby i przek\u0142adni, co mo\u017ce wymaga\u0107 bardziej skomplikowanego monta\u017cu w przypadku przej\u015bcia mechanizmu przez okno lub \u015bcian\u0119.&nbsp;<br>Funkcjonalno\u015b\u0107, trwa\u0142o\u015b\u0107 i odporno\u015b\u0107<br>Lamele wykonane s\u0105 z aluminiowych profili o podwy\u017cszonej sztywno\u015bci oraz odporno\u015bci na odkszta\u0142cenia. Konstrukcja przewidziana na wiele sezon\u00f3w u\u017cytkowania bez wymiany element\u00f3w tekstylnych i tasiemek. Pow\u0142oki lakiernicze proszkowe zapewniaj\u0105 trwa\u0142o\u015b\u0107 i odporno\u015b\u0107 na promieniowanie UV oraz korozj\u0119 . <br>\n          <br><span style=\"font-weight: 700;\">Modularno\u015b\u0107 i monta\u017c podtynkowy&nbsp;<\/span>\n          <br>\n          <br>\u017baluzje Selt mo\u017cna zestawia\u0107 modu\u0142owo, tworz\u0105c jednolit\u0105 os\u0142on\u0119 dla du\u017cych powierzchni elewacji. Systemy oferuj\u0105 r\u00f3\u017cne typy kaset i prowadnic \u2013 zar\u00f3wno dla monta\u017cu natynkowego, jak i podtynkowego (BOX). Dla systemu Z90 dost\u0119pna jest wersja samono\u015bna z prowadnicami linkowymi lub listwowymi, co u\u0142atwia monta\u017c przy ograniczonym nadpro\u017cu&nbsp;<br>\n          <br> \u017baluzje fasadowe Selt to rozwi\u0105zanie dla os\u00f3b, kt\u00f3re szukaj\u0105 nowoczesnej os\u0142ony przeciws\u0142onecznej, wp\u0142ywaj\u0105cej na komfort \u015bwietlny i energetyczny domu, przy jednoczesnym zachowaniu estetyki i trwa\u0142o\u015bci. Sprawdza si\u0119 jako element dekoracyjny fasady i praktyczne zabezpieczenie przed s\u0142o\u0144cem. \n        <\/p>\n      <\/div>\n    <\/section>\n    \n    \n    \n  \n<\/div>","protected":false},"excerpt":{"rendered":"<p>Z90 BOX2 do zabudowy, lamela Z Z90 BOX1 do zabudowy, lamela Z C80 BOX2 do zabudowy, lamela C Z90L Do monta\u017cu we wn\u0119kach lub na elewacji, prowadzenie linkowe Z90 Monta\u017c na elewacji \u017baluzje fasadowe Selt \u2013 stylowe, funkcjonalne i trwa\u0142e os\u0142ony przeciws\u0142oneczne&nbsp; Je\u015bli budujesz dom i szukasz rozwi\u0105zania, kt\u00f3re po\u0142\u0105czy ochron\u0119 przed s\u0142o\u0144cem z nowoczesnym [&hellip;]<\/p>\n","protected":false},"author":1,"featured_media":0,"parent":0,"menu_order":0,"comment_status":"closed","ping_status":"closed","template":"","meta":{"footnotes":""},"class_list":["post-255","page","type-page","status-publish","hentry"],"yoast_head":"<!-- This site is optimized with the Yoast SEO plugin v25.2 - https:\/\/yoast.com\/wordpress\/plugins\/seo\/ -->\n<title>\u017bALUZJEFASADOWE - Mokko<\/title>\n<meta name=\"robots\" content=\"index, follow, max-snippet:-1, max-image-preview:large, max-video-preview:-1\" \/>\n<link rel=\"canonical\" href=\"https:\/\/mokko.pl\/?page_id=255\" \/>\n<meta property=\"og:locale\" content=\"pl_PL\" \/>\n<meta property=\"og:type\" content=\"article\" \/>\n<meta property=\"og:title\" content=\"\u017bALUZJEFASADOWE - Mokko\" \/>\n<meta property=\"og:description\" content=\"Z90 BOX2 do zabudowy, lamela Z Z90 BOX1 do zabudowy, lamela Z C80 BOX2 do zabudowy, lamela C Z90L Do monta\u017cu we wn\u0119kach lub na elewacji, prowadzenie linkowe Z90 Monta\u017c na elewacji \u017baluzje fasadowe Selt \u2013 stylowe, funkcjonalne i trwa\u0142e os\u0142ony przeciws\u0142oneczne&nbsp; Je\u015bli budujesz dom i szukasz rozwi\u0105zania, kt\u00f3re po\u0142\u0105czy ochron\u0119 przed s\u0142o\u0144cem z nowoczesnym [&hellip;]\" \/>\n<meta property=\"og:url\" content=\"https:\/\/mokko.pl\/?page_id=255\" \/>\n<meta property=\"og:site_name\" content=\"Mokko\" \/>\n<meta property=\"article:modified_time\" content=\"2025-08-08T08:03:09+00:00\" \/>\n<meta name=\"twitter:card\" content=\"summary_large_image\" \/>\n<meta name=\"twitter:label1\" content=\"Szacowany czas czytania\" \/>\n\t<meta name=\"twitter:data1\" content=\"2 minuty\" \/>\n<script type=\"application\/ld+json\" class=\"yoast-schema-graph\">{\"@context\":\"https:\/\/schema.org\",\"@graph\":[{\"@type\":\"WebPage\",\"@id\":\"https:\/\/mokko.pl\/?page_id=255\",\"url\":\"https:\/\/mokko.pl\/?page_id=255\",\"name\":\"\u017bALUZJEFASADOWE - Mokko\",\"isPartOf\":{\"@id\":\"https:\/\/mokko.pl\/#website\"},\"datePublished\":\"2025-07-07T11:38:49+00:00\",\"dateModified\":\"2025-08-08T08:03:09+00:00\",\"breadcrumb\":{\"@id\":\"https:\/\/mokko.pl\/?page_id=255#breadcrumb\"},\"inLanguage\":\"pl-PL\",\"potentialAction\":[{\"@type\":\"ReadAction\",\"target\":[\"https:\/\/mokko.pl\/?page_id=255\"]}]},{\"@type\":\"BreadcrumbList\",\"@id\":\"https:\/\/mokko.pl\/?page_id=255#breadcrumb\",\"itemListElement\":[{\"@type\":\"ListItem\",\"position\":1,\"name\":\"Home\",\"item\":\"https:\/\/mokko.pl\/\"},{\"@type\":\"ListItem\",\"position\":2,\"name\":\"\u017bALUZJEFASADOWE\"}]},{\"@type\":\"WebSite\",\"@id\":\"https:\/\/mokko.pl\/#website\",\"url\":\"https:\/\/mokko.pl\/\",\"name\":\"Mokko\",\"description\":\"\",\"publisher\":{\"@id\":\"https:\/\/mokko.pl\/#organization\"},\"potentialAction\":[{\"@type\":\"SearchAction\",\"target\":{\"@type\":\"EntryPoint\",\"urlTemplate\":\"https:\/\/mokko.pl\/?s={search_term_string}\"},\"query-input\":{\"@type\":\"PropertyValueSpecification\",\"valueRequired\":true,\"valueName\":\"search_term_string\"}}],\"inLanguage\":\"pl-PL\"},{\"@type\":\"Organization\",\"@id\":\"https:\/\/mokko.pl\/#organization\",\"name\":\"Mokko\",\"url\":\"https:\/\/mokko.pl\/\",\"logo\":{\"@type\":\"ImageObject\",\"inLanguage\":\"pl-PL\",\"@id\":\"https:\/\/mokko.pl\/#\/schema\/logo\/image\/\",\"url\":\"http:\/\/mokko.pl\/wp-content\/uploads\/2025\/07\/logomokko-5.png\",\"contentUrl\":\"http:\/\/mokko.pl\/wp-content\/uploads\/2025\/07\/logomokko-5.png\",\"width\":432,\"height\":122,\"caption\":\"Mokko\"},\"image\":{\"@id\":\"https:\/\/mokko.pl\/#\/schema\/logo\/image\/\"}}]}<\/script>\n<!-- \/ Yoast SEO plugin. -->","yoast_head_json":{"title":"\u017bALUZJEFASADOWE - Mokko","robots":{"index":"index","follow":"follow","max-snippet":"max-snippet:-1","max-image-preview":"max-image-preview:large","max-video-preview":"max-video-preview:-1"},"canonical":"https:\/\/mokko.pl\/?page_id=255","og_locale":"pl_PL","og_type":"article","og_title":"\u017bALUZJEFASADOWE - Mokko","og_description":"Z90 BOX2 do zabudowy, lamela Z Z90 BOX1 do zabudowy, lamela Z C80 BOX2 do zabudowy, lamela C Z90L Do monta\u017cu we wn\u0119kach lub na elewacji, prowadzenie linkowe Z90 Monta\u017c na elewacji \u017baluzje fasadowe Selt \u2013 stylowe, funkcjonalne i trwa\u0142e os\u0142ony przeciws\u0142oneczne&nbsp; Je\u015bli budujesz dom i szukasz rozwi\u0105zania, kt\u00f3re po\u0142\u0105czy ochron\u0119 przed s\u0142o\u0144cem z nowoczesnym [&hellip;]","og_url":"https:\/\/mokko.pl\/?page_id=255","og_site_name":"Mokko","article_modified_time":"2025-08-08T08:03:09+00:00","twitter_card":"summary_large_image","twitter_misc":{"Szacowany czas czytania":"2 minuty"},"schema":{"@context":"https:\/\/schema.org","@graph":[{"@type":"WebPage","@id":"https:\/\/mokko.pl\/?page_id=255","url":"https:\/\/mokko.pl\/?page_id=255","name":"\u017bALUZJEFASADOWE - Mokko","isPartOf":{"@id":"https:\/\/mokko.pl\/#website"},"datePublished":"2025-07-07T11:38:49+00:00","dateModified":"2025-08-08T08:03:09+00:00","breadcrumb":{"@id":"https:\/\/mokko.pl\/?page_id=255#breadcrumb"},"inLanguage":"pl-PL","potentialAction":[{"@type":"ReadAction","target":["https:\/\/mokko.pl\/?page_id=255"]}]},{"@type":"BreadcrumbList","@id":"https:\/\/mokko.pl\/?page_id=255#breadcrumb","itemListElement":[{"@type":"ListItem","position":1,"name":"Home","item":"https:\/\/mokko.pl\/"},{"@type":"ListItem","position":2,"name":"\u017bALUZJEFASADOWE"}]},{"@type":"WebSite","@id":"https:\/\/mokko.pl\/#website","url":"https:\/\/mokko.pl\/","name":"Mokko","description":"","publisher":{"@id":"https:\/\/mokko.pl\/#organization"},"potentialAction":[{"@type":"SearchAction","target":{"@type":"EntryPoint","urlTemplate":"https:\/\/mokko.pl\/?s={search_term_string}"},"query-input":{"@type":"PropertyValueSpecification","valueRequired":true,"valueName":"search_term_string"}}],"inLanguage":"pl-PL"},{"@type":"Organization","@id":"https:\/\/mokko.pl\/#organization","name":"Mokko","url":"https:\/\/mokko.pl\/","logo":{"@type":"ImageObject","inLanguage":"pl-PL","@id":"https:\/\/mokko.pl\/#\/schema\/logo\/image\/","url":"http:\/\/mokko.pl\/wp-content\/uploads\/2025\/07\/logomokko-5.png","contentUrl":"http:\/\/mokko.pl\/wp-content\/uploads\/2025\/07\/logomokko-5.png","width":432,"height":122,"caption":"Mokko"},"image":{"@id":"https:\/\/mokko.pl\/#\/schema\/logo\/image\/"}}]}},"_links":{"self":[{"href":"https:\/\/mokko.pl\/index.php?rest_route=\/wp\/v2\/pages\/255","targetHints":{"allow":["GET"]}}],"collection":[{"href":"https:\/\/mokko.pl\/index.php?rest_route=\/wp\/v2\/pages"}],"about":[{"href":"https:\/\/mokko.pl\/index.php?rest_route=\/wp\/v2\/types\/page"}],"author":[{"embeddable":true,"href":"https:\/\/mokko.pl\/index.php?rest_route=\/wp\/v2\/users\/1"}],"replies":[{"embeddable":true,"href":"https:\/\/mokko.pl\/index.php?rest_route=%2Fwp%2Fv2%2Fcomments&post=255"}],"version-history":[{"count":4,"href":"https:\/\/mokko.pl\/index.php?rest_route=\/wp\/v2\/pages\/255\/revisions"}],"predecessor-version":[{"id":668,"href":"https:\/\/mokko.pl\/index.php?rest_route=\/wp\/v2\/pages\/255\/revisions\/668"}],"wp:attachment":[{"href":"https:\/\/mokko.pl\/index.php?rest_route=%2Fwp%2Fv2%2Fmedia&parent=255"}],"curies":[{"name":"wp","href":"https:\/\/api.w.org\/{rel}","templated":true}]}}