{"id":257,"date":"2025-07-07T13:37:58","date_gmt":"2025-07-07T11:37:58","guid":{"rendered":"https:\/\/mokko.pl\/?page_id=257"},"modified":"2025-08-08T10:34:00","modified_gmt":"2025-08-08T08:34:00","slug":"roletyzewnetrzne","status":"publish","type":"page","link":"https:\/\/mokko.pl\/?page_id=257","title":{"rendered":"ROLETYZEWN\u0118TRZNE"},"content":{"rendered":"<div class=\"\" style=\"\" >\n    \n    <section class=\"u-clearfix u-section-2\" id=\"block-1\">\n      <div class=\"u-clearfix u-sheet u-sheet-1\">\n        <div class=\"custom-expanded u-carousel u-gallery u-layout-carousel u-lightbox u-no-transition u-show-text-always u-gallery-1\" data-interval=\"5000\" data-u-ride=\"carousel\" id=\"carousel-cfdb\">\n          <ol class=\"u-absolute-hcenter u-carousel-indicators u-carousel-indicators-1\">\n            <li data-u-target=\"#carousel-cfdb\" data-u-slide-to=\"0\" class=\"u-active u-grey-70 u-shape-circle\" style=\"width: 10px; height: 10px;\"><\/li>\n            <li data-u-target=\"#carousel-cfdb\" data-u-slide-to=\"1\" class=\"u-grey-70 u-shape-circle\" style=\"width: 10px; height: 10px;\"><\/li>\n            <li data-u-target=\"#carousel-cfdb\" data-u-slide-to=\"2\" class=\"u-grey-70 u-shape-circle\" style=\"width: 10px; height: 10px;\"><\/li>\n            <li data-u-target=\"#carousel-cfdb\" data-u-slide-to=\"3\" class=\"u-grey-70 u-shape-circle\" style=\"width: 10px; height: 10px;\"><\/li>\n            <li data-u-target=\"#carousel-cfdb\" data-u-slide-to=\"4\" class=\"u-grey-70 u-shape-circle\" style=\"width: 10px; height: 10px;\"><\/li>\n          <\/ol>\n          <div class=\"u-carousel-inner u-gallery-inner u-gallery-inner-1\" role=\"listbox\">\n            <div class=\"u-active u-carousel-item u-gallery-item u-carousel-item-1\">\n              <div class=\"u-back-slide\">\n                <img decoding=\"async\" class=\"u-back-image u-expanded u-image-contain\" src=\"https:\/\/mokko.pl\/wp-content\/uploads\/2025\/07\/auprof_sp-e.jpg\" alt=\"Aluprof SPE\">\n              <\/div>\n              <div class=\"u-over-slide u-over-slide-1\">\n                <h3 class=\"u-gallery-heading\">Aluprof SPE<\/h3>\n                <p class=\"u-gallery-text\">Wersja podtynkowa<\/p>\n              <\/div>\n              <style data-mode=\"XL\"><\/style>\n              <style data-mode=\"LG\"><\/style>\n              <style data-mode=\"MD\"><\/style>\n              <style data-mode=\"SM\"><\/style>\n              <style data-mode=\"XS\" data-visited=\"true\"><\/style>\n            <\/div>\n            <div class=\"u-carousel-item u-gallery-item u-carousel-item-2\">\n              <div class=\"u-back-slide\">\n                <img decoding=\"async\" class=\"u-back-image u-expanded u-image-contain\" src=\"https:\/\/mokko.pl\/wp-content\/uploads\/2025\/07\/aluprof_sp-e_mkt.jpg\" alt=\"Aluprof SPE\">\n              <\/div>\n              <div class=\"u-over-slide u-over-slide-2\">\n                <h3 class=\"u-gallery-heading\">Aluprof SPE<\/h3>\n                <p class=\"u-gallery-text\">Wersja podtynkowa z moskitier\u0105<\/p>\n              <\/div>\n              <style data-mode=\"XL\"><\/style>\n              <style data-mode=\"LG\"><\/style>\n              <style data-mode=\"MD\"><\/style>\n              <style data-mode=\"SM\"><\/style>\n              <style data-mode=\"XS\" data-visited=\"true\"><\/style>\n            <\/div>\n            <div class=\"u-carousel-item u-gallery-item u-carousel-item-3\">\n              <div class=\"u-back-slide\">\n                <img decoding=\"async\" class=\"u-back-image u-expanded u-image-contain\" src=\"https:\/\/mokko.pl\/wp-content\/uploads\/2025\/07\/aluprof_sko_niche.jpg\" alt=\"ALUPROF SKO\">\n              <\/div>\n              <div class=\"u-over-slide u-over-slide-3\">\n                <h3 class=\"u-gallery-heading\">ALUPROF SKO<\/h3>\n                <p class=\"u-gallery-text\">Zaokr\u0105glona puszka, monta\u017c we wn\u0119ce<\/p>\n              <\/div>\n              <style data-mode=\"XL\"><\/style>\n              <style data-mode=\"LG\"><\/style>\n              <style data-mode=\"MD\"><\/style>\n              <style data-mode=\"SM\"><\/style>\n              <style data-mode=\"XS\" data-visited=\"true\"><\/style>\n            <\/div>\n            <div class=\"u-carousel-item u-gallery-item u-carousel-item-4\">\n              <div class=\"u-back-slide\">\n                <img decoding=\"async\" class=\"u-back-image u-expanded u-image-contain\" src=\"https:\/\/mokko.pl\/wp-content\/uploads\/2025\/07\/aluprof_sko-p_wall.jpg\" alt=\"ALUPROF SKO\">\n              <\/div>\n              <div class=\"u-over-slide u-over-slide-4\">\n                <h3 class=\"u-gallery-heading\">ALUPROF SKO<\/h3>\n                <p class=\"u-gallery-text\">Zaokr\u0105glona puszka, monta\u017c na elewacji<\/p>\n              <\/div>\n              <style data-mode=\"XL\"><\/style>\n              <style data-mode=\"LG\"><\/style>\n              <style data-mode=\"MD\"><\/style>\n              <style data-mode=\"SM\"><\/style>\n              <style data-mode=\"XS\" data-visited=\"true\"><\/style>\n            <\/div>\n            <div class=\"u-carousel-item u-gallery-item u-carousel-item-5\">\n              <div class=\"u-back-slide\">\n                <img decoding=\"async\" class=\"u-back-image u-expanded u-image-contain\" src=\"https:\/\/mokko.pl\/wp-content\/uploads\/2025\/07\/aluprof_sk_wall.jpg\" alt=\"ALUPROF SK45\">\n              <\/div>\n              <div class=\"u-over-slide u-over-slide-5\">\n                <h3 class=\"u-gallery-heading\">ALUPROF SK45<\/h3>\n                <p class=\"u-gallery-text\">Skrzynka \u015bci\u0119ta pod k\u0105tem 45 stopni, monta\u017c na elewacji<\/p>\n              <\/div>\n              <style data-mode=\"XL\"><\/style>\n              <style data-mode=\"LG\"><\/style>\n              <style data-mode=\"MD\"><\/style>\n              <style data-mode=\"SM\"><\/style>\n              <style data-mode=\"XS\" data-visited=\"true\"><\/style>\n            <\/div>\n          <\/div>\n          <a class=\"u-absolute-vcenter u-carousel-control u-carousel-control-prev u-grey-70 u-icon-circle u-opacity u-opacity-70 u-spacing-10 u-text-white u-carousel-control-1\" href=\"#carousel-cfdb\" role=\"button\" data-u-slide=\"prev\"><span aria-hidden=\"true\">\n              <svg viewBox=\"0 0 451.847 451.847\"><path d=\"M97.141,225.92c0-8.095,3.091-16.192,9.259-22.366L300.689,9.27c12.359-12.359,32.397-12.359,44.751,0\nc12.354,12.354,12.354,32.388,0,44.748L173.525,225.92l171.903,171.909c12.354,12.354,12.354,32.391,0,44.744\nc-12.354,12.365-32.386,12.365-44.745,0l-194.29-194.281C100.226,242.115,97.141,234.018,97.141,225.92z\"><\/path><\/svg><\/span><span class=\"sr-only\">\n              <svg viewBox=\"0 0 451.847 451.847\"><path d=\"M97.141,225.92c0-8.095,3.091-16.192,9.259-22.366L300.689,9.27c12.359-12.359,32.397-12.359,44.751,0\nc12.354,12.354,12.354,32.388,0,44.748L173.525,225.92l171.903,171.909c12.354,12.354,12.354,32.391,0,44.744\nc-12.354,12.365-32.386,12.365-44.745,0l-194.29-194.281C100.226,242.115,97.141,234.018,97.141,225.92z\"><\/path><\/svg><\/span>\n          <\/a>\n          <a class=\"u-absolute-vcenter u-carousel-control u-carousel-control-next u-grey-70 u-icon-circle u-opacity u-opacity-70 u-spacing-10 u-text-white u-carousel-control-2\" href=\"#carousel-cfdb\" role=\"button\" data-u-slide=\"next\"><span aria-hidden=\"true\">\n              <svg viewBox=\"0 0 451.846 451.847\"><path d=\"M345.441,248.292L151.154,442.573c-12.359,12.365-32.397,12.365-44.75,0c-12.354-12.354-12.354-32.391,0-44.744\nL278.318,225.92L106.409,54.017c-12.354-12.359-12.354-32.394,0-44.748c12.354-12.359,32.391-12.359,44.75,0l194.287,194.284\nc6.177,6.18,9.262,14.271,9.262,22.366C354.708,234.018,351.617,242.115,345.441,248.292z\"><\/path><\/svg><\/span><span class=\"sr-only\">\n              <svg viewBox=\"0 0 451.846 451.847\"><path d=\"M345.441,248.292L151.154,442.573c-12.359,12.365-32.397,12.365-44.75,0c-12.354-12.354-12.354-32.391,0-44.744\nL278.318,225.92L106.409,54.017c-12.354-12.359-12.354-32.394,0-44.748c12.354-12.359,32.391-12.359,44.75,0l194.287,194.284\nc6.177,6.18,9.262,14.271,9.262,22.366C354.708,234.018,351.617,242.115,345.441,248.292z\"><\/path><\/svg><\/span>\n          <\/a>\n        <\/div>\n        <p class=\"u-text u-text-default u-text-1\"><span style=\"font-weight: 700;\">Rolety podtynkowe Aluprof SP i SP\u2011E \u2013 estetyka, izolacja i certyfikat pasywno\u015bci&nbsp;<\/span>\n          <br>\n          <br>Planujesz budow\u0119 nowoczesnego domu i zale\u017cy Ci na dyskretnych, funkcjonalnych rozwi\u0105zaniach? Systemy SP i SP\u2011E od Aluprof to rolety podtynkowe, kt\u00f3re wpasowuj\u0105 si\u0119 w elewacj\u0119 \u2013 stanowi\u0105 jej integraln\u0105 cz\u0119\u015b\u0107, a ich czo\u0142o s\u0142u\u017cy jako podk\u0142ad pod tynk lub klinkier, pozostaj\u0105c niewidoczne po wyko\u0144czeniu.&nbsp;Systemy Aluprof SP i SP\u2011E zosta\u0142y pierwszymi polskimi roletami podtynkowymi wpisanymi do bazy komponent\u00f3w certyfikowanych przez Instytut Dom\u00f3w Pasywnych (PHI) w Darmstadt. Certyfikat dotyczy skrzynek o wysoko\u015bci \u2264\u202f165\u202fmm i potwierdza mo\u017cliwo\u015b\u0107 stosowania w budynkach pasywnych \u2013 pod warunkiem monta\u017cu zgodnie z wytycznymi i przy oknach o Uw \u2264\u202f0,80\u202fW\/m\u00b2K i Ug \u2264\u202f0,70\u202fW\/m\u00b2K<br><span style=\"font-weight: 700;\">\n            <br>Idealne w nowych budynkach \u2013 z opcj\u0105 dla istniej\u0105cych obiekt\u00f3w&nbsp;<\/span>\n          <br>\n          <br>Rolet\u0119 warto uwzgl\u0119dni\u0107 ju\u017c na etapie projektu \u2013 dzi\u0119ki temu skorzystasz z ich pe\u0142nej funkcjonalno\u015bci. Cho\u0107 przeznaczone g\u0142\u00f3wnie do nowych realizacji, systemy mo\u017cna zamontowa\u0107 tak\u017ce w istniej\u0105cych budynkach po drobnych zmianach nadpro\u017ca&nbsp;<br>\n          <br><span style=\"font-weight: 700;\">Maksymalna izolacja bez utraty estetyki&nbsp;<\/span>\n          <br>\n          <br>Rolety SP i SP\u2011E nie ingeruj\u0105 w konstrukcj\u0119 okien, drzwi czy nadpro\u017ca, co pomaga zachowa\u0107 bilans energetyczny budynku. Pomi\u0119dzy szyb\u0105 a pancerzem powstaje izolacyjna \u201epoduszka powietrzna\u201d, redukuj\u0105c straty ciep\u0142a nawet o 30\u202f% rocznie. Pancerz z profili aluminiowych \u2013 z piank\u0105 PUR lub ekstrudowanych, a tak\u017ce tworzywa sztucznego pomagaj\u0105 redukowa\u0107 rachunki za ogrzewanie.&nbsp;<br>\n          <br>Rolety SP i SP\u2011E mo\u017cna wyposa\u017cy\u0107 w siatki przeciwinsektowe, kt\u00f3re s\u0105 kompatybilne z szeregiem nap\u0119d\u00f3w \u2013 r\u0119cznych, elektrycznych oraz inteligentnych (smartfon\/pilot), zapewniaj\u0105c ochron\u0119 przed owadami przy jednoczesnej wentylacji. Rolety staj\u0105 si\u0119 cz\u0119\u015bci\u0105 elewacji \u2013 skrzynka ukryta pod tynkiem\/klinkierem. To&nbsp;rozwi\u0105zanie dla wymagaj\u0105cych inwestor\u00f3w, kt\u00f3rzy stawiaj\u0105 na energooszcz\u0119dno\u015b\u0107, estetyk\u0119 i trwa\u0142o\u015b\u0107 bez kompromis\u00f3w. To nie tylko roleta \u2013 to element dbaj\u0105cy o klimat, wygl\u0105d i bilans energetyczny domu. <br>\n          <br>Aluprof oferuje r\u00f3wnie\u017c systemy do monta\u017cu na elewacji o r\u00f3\u017cnych kszta\u0142tach puszek. To rozwi\u0105zanie dla os\u00f3b z gotow\u0105 elewacj\u0105, kt\u00f3rzy chc\u0105 zachowa\u0107 jej wygl\u0105d i jednocze\u015bnie naby\u0107 rolety zewn\u0119trzne.\n        <\/p>\n      <\/div>\n    <\/section>\n    \n    \n    \n  \n<\/div>","protected":false},"excerpt":{"rendered":"<p>Aluprof SPE Wersja podtynkowa Aluprof SPE Wersja podtynkowa z moskitier\u0105 ALUPROF SKO Zaokr\u0105glona puszka, monta\u017c we wn\u0119ce ALUPROF SKO Zaokr\u0105glona puszka, monta\u017c na elewacji ALUPROF SK45 Skrzynka \u015bci\u0119ta pod k\u0105tem 45 stopni, monta\u017c na elewacji Rolety podtynkowe Aluprof SP i SP\u2011E \u2013 estetyka, izolacja i certyfikat pasywno\u015bci&nbsp; Planujesz budow\u0119 nowoczesnego domu i zale\u017cy Ci na [&hellip;]<\/p>\n","protected":false},"author":1,"featured_media":0,"parent":0,"menu_order":0,"comment_status":"closed","ping_status":"closed","template":"","meta":{"footnotes":""},"class_list":["post-257","page","type-page","status-publish","hentry"],"yoast_head":"<!-- This site is optimized with the Yoast SEO plugin v25.2 - https:\/\/yoast.com\/wordpress\/plugins\/seo\/ -->\n<title>ROLETYZEWN\u0118TRZNE - Mokko<\/title>\n<meta name=\"robots\" content=\"index, follow, max-snippet:-1, max-image-preview:large, max-video-preview:-1\" \/>\n<link rel=\"canonical\" href=\"https:\/\/mokko.pl\/?page_id=257\" \/>\n<meta property=\"og:locale\" content=\"pl_PL\" \/>\n<meta property=\"og:type\" content=\"article\" \/>\n<meta property=\"og:title\" content=\"ROLETYZEWN\u0118TRZNE - Mokko\" \/>\n<meta property=\"og:description\" content=\"Aluprof SPE Wersja podtynkowa Aluprof SPE Wersja podtynkowa z moskitier\u0105 ALUPROF SKO Zaokr\u0105glona puszka, monta\u017c we wn\u0119ce ALUPROF SKO Zaokr\u0105glona puszka, monta\u017c na elewacji ALUPROF SK45 Skrzynka \u015bci\u0119ta pod k\u0105tem 45 stopni, monta\u017c na elewacji Rolety podtynkowe Aluprof SP i SP\u2011E \u2013 estetyka, izolacja i certyfikat pasywno\u015bci&nbsp; Planujesz budow\u0119 nowoczesnego domu i zale\u017cy Ci na [&hellip;]\" \/>\n<meta property=\"og:url\" content=\"https:\/\/mokko.pl\/?page_id=257\" \/>\n<meta property=\"og:site_name\" content=\"Mokko\" \/>\n<meta property=\"article:modified_time\" content=\"2025-08-08T08:34:00+00:00\" \/>\n<meta name=\"twitter:card\" content=\"summary_large_image\" \/>\n<meta name=\"twitter:label1\" content=\"Szacowany czas czytania\" \/>\n\t<meta name=\"twitter:data1\" content=\"2 minuty\" \/>\n<script type=\"application\/ld+json\" class=\"yoast-schema-graph\">{\"@context\":\"https:\/\/schema.org\",\"@graph\":[{\"@type\":\"WebPage\",\"@id\":\"https:\/\/mokko.pl\/?page_id=257\",\"url\":\"https:\/\/mokko.pl\/?page_id=257\",\"name\":\"ROLETYZEWN\u0118TRZNE - Mokko\",\"isPartOf\":{\"@id\":\"https:\/\/mokko.pl\/#website\"},\"datePublished\":\"2025-07-07T11:37:58+00:00\",\"dateModified\":\"2025-08-08T08:34:00+00:00\",\"breadcrumb\":{\"@id\":\"https:\/\/mokko.pl\/?page_id=257#breadcrumb\"},\"inLanguage\":\"pl-PL\",\"potentialAction\":[{\"@type\":\"ReadAction\",\"target\":[\"https:\/\/mokko.pl\/?page_id=257\"]}]},{\"@type\":\"BreadcrumbList\",\"@id\":\"https:\/\/mokko.pl\/?page_id=257#breadcrumb\",\"itemListElement\":[{\"@type\":\"ListItem\",\"position\":1,\"name\":\"Home\",\"item\":\"https:\/\/mokko.pl\/\"},{\"@type\":\"ListItem\",\"position\":2,\"name\":\"ROLETYZEWN\u0118TRZNE\"}]},{\"@type\":\"WebSite\",\"@id\":\"https:\/\/mokko.pl\/#website\",\"url\":\"https:\/\/mokko.pl\/\",\"name\":\"Mokko\",\"description\":\"\",\"publisher\":{\"@id\":\"https:\/\/mokko.pl\/#organization\"},\"potentialAction\":[{\"@type\":\"SearchAction\",\"target\":{\"@type\":\"EntryPoint\",\"urlTemplate\":\"https:\/\/mokko.pl\/?s={search_term_string}\"},\"query-input\":{\"@type\":\"PropertyValueSpecification\",\"valueRequired\":true,\"valueName\":\"search_term_string\"}}],\"inLanguage\":\"pl-PL\"},{\"@type\":\"Organization\",\"@id\":\"https:\/\/mokko.pl\/#organization\",\"name\":\"Mokko\",\"url\":\"https:\/\/mokko.pl\/\",\"logo\":{\"@type\":\"ImageObject\",\"inLanguage\":\"pl-PL\",\"@id\":\"https:\/\/mokko.pl\/#\/schema\/logo\/image\/\",\"url\":\"http:\/\/mokko.pl\/wp-content\/uploads\/2025\/07\/logomokko-5.png\",\"contentUrl\":\"http:\/\/mokko.pl\/wp-content\/uploads\/2025\/07\/logomokko-5.png\",\"width\":432,\"height\":122,\"caption\":\"Mokko\"},\"image\":{\"@id\":\"https:\/\/mokko.pl\/#\/schema\/logo\/image\/\"}}]}<\/script>\n<!-- \/ Yoast SEO plugin. -->","yoast_head_json":{"title":"ROLETYZEWN\u0118TRZNE - Mokko","robots":{"index":"index","follow":"follow","max-snippet":"max-snippet:-1","max-image-preview":"max-image-preview:large","max-video-preview":"max-video-preview:-1"},"canonical":"https:\/\/mokko.pl\/?page_id=257","og_locale":"pl_PL","og_type":"article","og_title":"ROLETYZEWN\u0118TRZNE - Mokko","og_description":"Aluprof SPE Wersja podtynkowa Aluprof SPE Wersja podtynkowa z moskitier\u0105 ALUPROF SKO Zaokr\u0105glona puszka, monta\u017c we wn\u0119ce ALUPROF SKO Zaokr\u0105glona puszka, monta\u017c na elewacji ALUPROF SK45 Skrzynka \u015bci\u0119ta pod k\u0105tem 45 stopni, monta\u017c na elewacji Rolety podtynkowe Aluprof SP i SP\u2011E \u2013 estetyka, izolacja i certyfikat pasywno\u015bci&nbsp; Planujesz budow\u0119 nowoczesnego domu i zale\u017cy Ci na [&hellip;]","og_url":"https:\/\/mokko.pl\/?page_id=257","og_site_name":"Mokko","article_modified_time":"2025-08-08T08:34:00+00:00","twitter_card":"summary_large_image","twitter_misc":{"Szacowany czas czytania":"2 minuty"},"schema":{"@context":"https:\/\/schema.org","@graph":[{"@type":"WebPage","@id":"https:\/\/mokko.pl\/?page_id=257","url":"https:\/\/mokko.pl\/?page_id=257","name":"ROLETYZEWN\u0118TRZNE - Mokko","isPartOf":{"@id":"https:\/\/mokko.pl\/#website"},"datePublished":"2025-07-07T11:37:58+00:00","dateModified":"2025-08-08T08:34:00+00:00","breadcrumb":{"@id":"https:\/\/mokko.pl\/?page_id=257#breadcrumb"},"inLanguage":"pl-PL","potentialAction":[{"@type":"ReadAction","target":["https:\/\/mokko.pl\/?page_id=257"]}]},{"@type":"BreadcrumbList","@id":"https:\/\/mokko.pl\/?page_id=257#breadcrumb","itemListElement":[{"@type":"ListItem","position":1,"name":"Home","item":"https:\/\/mokko.pl\/"},{"@type":"ListItem","position":2,"name":"ROLETYZEWN\u0118TRZNE"}]},{"@type":"WebSite","@id":"https:\/\/mokko.pl\/#website","url":"https:\/\/mokko.pl\/","name":"Mokko","description":"","publisher":{"@id":"https:\/\/mokko.pl\/#organization"},"potentialAction":[{"@type":"SearchAction","target":{"@type":"EntryPoint","urlTemplate":"https:\/\/mokko.pl\/?s={search_term_string}"},"query-input":{"@type":"PropertyValueSpecification","valueRequired":true,"valueName":"search_term_string"}}],"inLanguage":"pl-PL"},{"@type":"Organization","@id":"https:\/\/mokko.pl\/#organization","name":"Mokko","url":"https:\/\/mokko.pl\/","logo":{"@type":"ImageObject","inLanguage":"pl-PL","@id":"https:\/\/mokko.pl\/#\/schema\/logo\/image\/","url":"http:\/\/mokko.pl\/wp-content\/uploads\/2025\/07\/logomokko-5.png","contentUrl":"http:\/\/mokko.pl\/wp-content\/uploads\/2025\/07\/logomokko-5.png","width":432,"height":122,"caption":"Mokko"},"image":{"@id":"https:\/\/mokko.pl\/#\/schema\/logo\/image\/"}}]}},"_links":{"self":[{"href":"https:\/\/mokko.pl\/index.php?rest_route=\/wp\/v2\/pages\/257","targetHints":{"allow":["GET"]}}],"collection":[{"href":"https:\/\/mokko.pl\/index.php?rest_route=\/wp\/v2\/pages"}],"about":[{"href":"https:\/\/mokko.pl\/index.php?rest_route=\/wp\/v2\/types\/page"}],"author":[{"embeddable":true,"href":"https:\/\/mokko.pl\/index.php?rest_route=\/wp\/v2\/users\/1"}],"replies":[{"embeddable":true,"href":"https:\/\/mokko.pl\/index.php?rest_route=%2Fwp%2Fv2%2Fcomments&post=257"}],"version-history":[{"count":3,"href":"https:\/\/mokko.pl\/index.php?rest_route=\/wp\/v2\/pages\/257\/revisions"}],"predecessor-version":[{"id":573,"href":"https:\/\/mokko.pl\/index.php?rest_route=\/wp\/v2\/pages\/257\/revisions\/573"}],"wp:attachment":[{"href":"https:\/\/mokko.pl\/index.php?rest_route=%2Fwp%2Fv2%2Fmedia&parent=257"}],"curies":[{"name":"wp","href":"https:\/\/api.w.org\/{rel}","templated":true}]}}